rue
Is 74661311 composite?
False
Is 1410527 composite?
False
Is 1553567 a composite number?
False
Is 92525347 a prime number?
True
Is 225339287 prime?
False
Is 66402091 a composite number?
True
Is 5762753 a prime number?
False
Is 36988513 a prime number?
False
Is 7849549 a prime number?
True
Is 199951 composite?
True
Is 2065788337 a prime number?
False
Is 9780301 composite?
True
Is 474856243 a prime number?
True
Is 3879017 composite?
True
Is 8231911 prime?
False
Is 4992827 a prime number?
False
Is 139871203 a composite number?
False
Is 16347803 a prime number?
True
Is 125507807 composite?
True
Is 225581417 a prime number?
True
Is 78473531 prime?
False
Is 75878591 a composite number?
False
Is 7711967 composite?
True
Is 7059529 composite?
False
Is 58157563 a prime number?
True
Is 1849417 a composite number?
True
Is 21356089 prime?
True
Is 42455423 prime?
True
Is 812354321 composite?
True
Is 11322251 a composite number?
False
Is 3220211 a prime number?
True
Is 22796653 a composite number?
True
Is 127795009 a prime number?
True
Is 365182537 a prime number?
True
Is 135177157 prime?
False
Is 50758303 prime?
True
Is 5619643 composite?
True
Is 749362 a composite number?
True
Is 36917239 composite?
False
Is 4682957 prime?
True
Is 316724257 a prime number?
True
Is 15818141 prime?
False
Is 41102417 composite?
False
Is 5041909 composite?
True
Is 103688219 composite?
True
Is 83137 a composite number?
False
Is 286733039 a composite number?
False
Is 2270221 prime?
False
Is 8666591 a prime number?
True
Is 320497 a composite number?
True
Is 64245119 prime?
True
Is 305999 a prime number?
True
Is 1872097 a composite number?
False
Is 681167 prime?
True
Is 119996861 a composite number?
False
Is 10136571 a composite number?
True
Is 7133947 composite?
True
Is 607205687 prime?
False
Is 47919077 prime?
True
Is 297699047 a prime number?
True
Is 70788287 a prime number?
True
Is 179842417 composite?
True
Is 290634931 prime?
True
Is 265900799 prime?
True
Is 20177897 prime?
True
Is 11614913 prime?
True
Is 964165 composite?
True
Is 5322871 a composite number?
True
Is 2201355445 a prime number?
False
Is 1878643 prime?
False
Is 1355041 composite?
True
Is 7308286 prime?
False
Is 14773481 composite?
False
Is 3359959 a composite number?
False
Is 2218807 prime?
True
Is 51679 composite?
False
Is 55867101 a prime number?
False
Is 20005787 prime?
False
Is 4434553 a prime number?
False
Is 6742553 prime?
True
Is 3504503 a composite number?
True
Is 385506271 a prime number?
True
Is 16288721 a composite number?
False
Is 3568883 a composite number?
False
Is 2251035701 composite?
False
Is 5951371 prime?
False
Is 8506319 composite?
True
Is 512872897 composite?
True
Is 29411 prime?
True
Is 45326243 a prime number?
False
Is 7017799 composite?
False
Is 3818767 prime?
True
Is 11965219 prime?
False
Is 15350198 prime?
False
Is 331758367 prime?
False
Is 14001083 composite?
True
Is 232943047 a composite number?
False
Is 1476930747 a composite number?
True
Is 28131401 composite?
False
Is 254840291 a prime number?
False
Is 430739431 composite?
False
Is 154955147 a composite number?
True
Is 350997931 composite?
True
Is 2437691 a composite number?
False
Is 63638063 a composite number?
False
Is 12952733 composite?
False
Is 32142503 prime?
True
Is 7416809 composite?
False
Is 55787713 composite?
False
Is 3377557 a composite number?
False
Is 288102049 a prime number?
False
Is 4396991 a prime number?
False
Is 1268329 prime?
False
Is 114693 composite?
True
Is 217263755 a composite number?
True
Is 1188457 composite?
False
Is 65166041 a composite number?
True
Is 6333959 prime?
True
Is 12965653 a prime number?
False
Is 257073763 composite?
False
Is 2994323 composite?
True
Is 84631979 a composite number?
False
Is 77884721 a composite number?
False
Is 34921505 composite?
True
Is 22189 a composite number?
False
Is 39712366 prime?
False
Is 262560059 a composite number?
True
Is 65362789 prime?
True
Is 1737233 a composite number?
True
Is 40335389 composite?
False
Is 32434271 a prime number?
True
Is 11332297 prime?
True
Is 13236107 a composite number?
False
Is 4229959 a composite number?
True
Is 2835841 a prime number?
True
Is 923945419 a composite number?
True
Is 13971351 prime?
False
Is 48977521 a prime number?
True
Is 14622017 composite?
False
Is 25007539 prime?
False
Is 13987 prime?
False
Is 11873413 a prime number?
True
Is 38171905 a prime number?
False
Is 5110159 prime?
True
Is 832392461 a prime number?
True
Is 6512629 prime?
False
Is 43920805 prime?
False
Is 287411899 prime?
True
Is 5288627 prime?
False
Is 56753227 a composite number?
True
Is 9760109 a prime number?
False
Is 24295747 prime?
False
Is 4472651 prime?
True
Is 9248159 a composite number?
False
Is 1757143 composite?
False
Is 20202499 prime?
False
Is 7451659 a prime number?
False
Is 131061649 composite?
False
Is 11455927 composite?
True
Is 42319943 composite?
True
Is 9185277 a prime number?
False
Is 75014113 prime?
False
Is 27321157 composite?
False
Is 798797 a prime number?
False
Is 40053191 prime?
False
Is 55220059 prime?
True
Is 25286354 prime?
False
Is 89638 a prime number?
False
Is 661663 a prime number?
True
Is 213067 composite?
False
Is 146519 prime?
True
Is 124540499 prime?
True
Is 8297297 composite?
True
Is 16336529 a prime number?
False
Is 12020389 a composite number?
False
Is 14225102 a prime number?
False
Is 229148503 a prime number?
True
Is 244196989 a prime number?
True
Is 11901073 a prime number?
True
Is 10067747 a prime number?
False
Is 16115089 a prime number?
True
Is 3891517 composite?
True
Is 4821373 a prime number?
True
Is 10427603 a composite number?
True
Is 22762061 prime?
False
Is 567312077 a composite number?
True
Is 54315155 a composite number?
True
Is 367873977 prime?
False
Is 23545429 composite?
False
Is 205879 prime?
True
Is 57605461 a composite number?
True
Is 70712669 a composite number?
False
Is 138578659 a composite number?
False
Is 2112469 composite?
False
Is 8239069 composite?
False
Is 204090301 a composite number?
True
Is 44794357 a composite number?
True
Is 6569059 prime?
False
Is 537483 a composite number?
True
Is 9374951 a composite number?
True
Is 13626521 a prime number?
True
Is 135628169 a composite number?
False
Is 104208193 composite?
True
Is 33266495 a prime number?
False
Is 8582543 a prime number?
True
Is 30748089 a composite number?
True
Is 3648707 a prime number?
True
Is 15494107 a composite number?
True
Is 637063 prime?
False
Is 26273057 composite?
False
Is 108224099 a prime number?
True
Is 577601 prime?
True
Is 2928479 a composite number?
False
Is 3499709 prime?
True
Is 28988837 prime?
False
Is 21899363 a composite number?
False
Is 108008371 a composite number?
True
Is 27536459 prime?
True
Is 178681 a prime number?
True
Is 1122348701 a composite number?
False
Is 3161801 a composite number?
False
Is 44267033 a composite number?
True
Is 21363469 prime?
True
Is 4916221 composite?
False
Is 116637949 composite?
True
Is 211164571 a composite number?
True
Is 94965257 a composite number?
True
Is 82619317 a composite number?
True
Is 271372369 a composite number?
True
Is 360541 a prime number?
True
Is 27319129 prime?
True
Is 359543 composite?
True
Is 18015311 a composite number?
True
Is 5480257 prime?
False
Is 5086681 prime?
True
Is 138594737 a composite number?
False
Is 1301219 a composite number?
False
Is 10629427 prime?
False
Is 3369673 a composite number?
True
Is 6132227 prime?
False
Is 559320739 a prime number?
False
Is 29371361 a composite number?
False
Is 4373293 prime?
True
Is 206993 a prime number?
True
Is 542240989 a composite number?
False
Is 15811567 a prime number?
True
Is 1450531 prime?
True
Is 68484917 a composite number?
True
Is 21484847 composite?
True
Is 3312383 a composite number?
False
Is 43891187 composite?
False
Is 43312669 composite?
False
Is 14382283 a prime number?
True
Is 651971 prime?
True
Is 4673983 composite?
False
Is 201389 prime?
True
Is 3501587 prime?
True
Is 829029209 composite?
False
Is 6438241 prime?
True
Is 74410657 a prime number?
True
Is 154328803 prime?
True
Is 17732489 a composite number?
True
Is 95452451 a composite number?
False
Is 53172829 composite?
False
Is 6229169 a prime number?
False
Is 154871 a composite number?
False
Is 9787209 composite?
True
Is 3838115 com